{"id":4185,"date":"2025-11-20T06:59:20","date_gmt":"2025-11-20T05:59:20","guid":{"rendered":"https:\/\/www.canvallsrestaurant.com\/domicili\/?post_type=product&#038;p=4185"},"modified":"2026-01-16T09:08:46","modified_gmt":"2026-01-16T08:08:46","slug":"val-regal","status":"publish","type":"product","link":"https:\/\/www.canvallsrestaurant.com\/domicili\/producto\/val-regal\/","title":{"rendered":"Val regal"},"content":{"rendered":"<p>Val regal per degustar qualsevol plat i vi de la carta. Aquesta caixa inclou el val regal, que es pot bescanviar per venir a menjar a Can Valls.<\/p>\n<p data-pm-slice=\"1 1 []\"><em>Els vals regal s\u00f3n v\u00e0lids per a un m\u00e0xim de 6 persones. Per a grups de m\u00e9s de 6, contacta amb nosaltres i t\u2019oferirem un men\u00fa personalitzat per a grups.<\/em><\/p>\n","protected":false},"excerpt":{"rendered":"<p data-pm-slice=\"1 1 [&quot;list&quot;,{},&quot;list_item&quot;,{&quot;indent&quot;:1,&quot;type&quot;:&quot;bulleted&quot;}]\">Val regal per venir a degustar qualsevol plat i vi de la carta.<\/p>\n","protected":false},"featured_media":5646,"template":"","meta":[],"product_brand":[],"product_cat":[267],"product_tag":[],"class_list":{"0":"post-4185","1":"product","2":"type-product","3":"status-publish","4":"has-post-thumbnail","6":"product_cat-menus","7":"product_shipping_class-p_regal","9":"first","10":"instock","11":"taxable","12":"shipping-taxable","13":"purchasable","14":"product-type-variable"},"yoast_head":"<!-- This site is optimized with the Yoast SEO plugin v25.5 - https:\/\/yoast.com\/wordpress\/plugins\/seo\/ -->\n<title>Val regal - Can Valls a Domicili<\/title>\n<meta name=\"robots\" content=\"index, follow, max-snippet:-1, max-image-preview:large, max-video-preview:-1\" \/>\n<link rel=\"canonical\" href=\"https:\/\/www.canvallsrestaurant.com\/domicili\/producto\/val-regal\/\" \/>\n<meta property=\"og:locale\" content=\"ca_ES\" \/>\n<meta property=\"og:type\" content=\"article\" \/>\n<meta property=\"og:title\" content=\"Val regal - Can Valls a Domicili\" \/>\n<meta property=\"og:description\" content=\"Val regal per venir a degustar qualsevol plat i vi de la carta.\" \/>\n<meta property=\"og:url\" content=\"https:\/\/www.canvallsrestaurant.com\/domicili\/producto\/val-regal\/\" \/>\n<meta property=\"og:site_name\" content=\"Can Valls a Domicili\" \/>\n<meta property=\"article:modified_time\" content=\"2026-01-16T08:08:46+00:00\" \/>\n<meta property=\"og:image\" content=\"https:\/\/www.canvallsrestaurant.com\/domicili\/wp-content\/uploads\/2025\/04\/WhatsApp-Image-2025-04-03-at-15.01.24-4.jpeg\" \/>\n\t<meta property=\"og:image:width\" content=\"1536\" \/>\n\t<meta property=\"og:image:height\" content=\"2048\" \/>\n\t<meta property=\"og:image:type\" content=\"image\/jpeg\" \/>\n<meta name=\"twitter:card\" content=\"summary_large_image\" \/>\n<meta name=\"twitter:label1\" content=\"Temps estimat de lectura\" \/>\n\t<meta name=\"twitter:data1\" content=\"1 minut\" \/>\n<script type=\"application\/ld+json\" class=\"yoast-schema-graph\">{\"@context\":\"https:\/\/schema.org\",\"@graph\":[{\"@type\":\"WebPage\",\"@id\":\"https:\/\/www.canvallsrestaurant.com\/domicili\/producto\/val-regal\/\",\"url\":\"https:\/\/www.canvallsrestaurant.com\/domicili\/producto\/val-regal\/\",\"name\":\"Val regal - Can Valls a Domicili\",\"isPartOf\":{\"@id\":\"https:\/\/www.canvallsrestaurant.com\/domicili\/#website\"},\"primaryImageOfPage\":{\"@id\":\"https:\/\/www.canvallsrestaurant.com\/domicili\/producto\/val-regal\/#primaryimage\"},\"image\":{\"@id\":\"https:\/\/www.canvallsrestaurant.com\/domicili\/producto\/val-regal\/#primaryimage\"},\"thumbnailUrl\":\"https:\/\/www.canvallsrestaurant.com\/domicili\/wp-content\/uploads\/2025\/04\/WhatsApp-Image-2025-04-03-at-15.01.24-4.jpeg\",\"datePublished\":\"2025-11-20T05:59:20+00:00\",\"dateModified\":\"2026-01-16T08:08:46+00:00\",\"breadcrumb\":{\"@id\":\"https:\/\/www.canvallsrestaurant.com\/domicili\/producto\/val-regal\/#breadcrumb\"},\"inLanguage\":\"ca\",\"potentialAction\":[{\"@type\":\"ReadAction\",\"target\":[\"https:\/\/www.canvallsrestaurant.com\/domicili\/producto\/val-regal\/\"]}]},{\"@type\":\"ImageObject\",\"inLanguage\":\"ca\",\"@id\":\"https:\/\/www.canvallsrestaurant.com\/domicili\/producto\/val-regal\/#primaryimage\",\"url\":\"https:\/\/www.canvallsrestaurant.com\/domicili\/wp-content\/uploads\/2025\/04\/WhatsApp-Image-2025-04-03-at-15.01.24-4.jpeg\",\"contentUrl\":\"https:\/\/www.canvallsrestaurant.com\/domicili\/wp-content\/uploads\/2025\/04\/WhatsApp-Image-2025-04-03-at-15.01.24-4.jpeg\",\"width\":1536,\"height\":2048},{\"@type\":\"BreadcrumbList\",\"@id\":\"https:\/\/www.canvallsrestaurant.com\/domicili\/producto\/val-regal\/#breadcrumb\",\"itemListElement\":[{\"@type\":\"ListItem\",\"position\":1,\"name\":\"Inici\",\"item\":\"https:\/\/www.canvallsrestaurant.com\/domicili\/\"},{\"@type\":\"ListItem\",\"position\":2,\"name\":\"Botiga\",\"item\":\"https:\/\/www.canvallsrestaurant.com\/domicili\/botiga\/\"},{\"@type\":\"ListItem\",\"position\":3,\"name\":\"Val regal\"}]},{\"@type\":\"WebSite\",\"@id\":\"https:\/\/www.canvallsrestaurant.com\/domicili\/#website\",\"url\":\"https:\/\/www.canvallsrestaurant.com\/domicili\/\",\"name\":\"Can Valls a Domicili\",\"description\":\"Et portem la cuina de Can Valls i Mumm a casa!\",\"potentialAction\":[{\"@type\":\"SearchAction\",\"target\":{\"@type\":\"EntryPoint\",\"urlTemplate\":\"https:\/\/www.canvallsrestaurant.com\/domicili\/?s={search_term_string}\"},\"query-input\":{\"@type\":\"PropertyValueSpecification\",\"valueRequired\":true,\"valueName\":\"search_term_string\"}}],\"inLanguage\":\"ca\"}]}<\/script>\n<!-- \/ Yoast SEO plugin. -->","yoast_head_json":{"title":"Val regal - Can Valls a Domicili","robots":{"index":"index","follow":"follow","max-snippet":"max-snippet:-1","max-image-preview":"max-image-preview:large","max-video-preview":"max-video-preview:-1"},"canonical":"https:\/\/www.canvallsrestaurant.com\/domicili\/producto\/val-regal\/","og_locale":"ca_ES","og_type":"article","og_title":"Val regal - Can Valls a Domicili","og_description":"Val regal per venir a degustar qualsevol plat i vi de la carta.","og_url":"https:\/\/www.canvallsrestaurant.com\/domicili\/producto\/val-regal\/","og_site_name":"Can Valls a Domicili","article_modified_time":"2026-01-16T08:08:46+00:00","og_image":[{"width":1536,"height":2048,"url":"https:\/\/www.canvallsrestaurant.com\/domicili\/wp-content\/uploads\/2025\/04\/WhatsApp-Image-2025-04-03-at-15.01.24-4.jpeg","type":"image\/jpeg"}],"twitter_card":"summary_large_image","twitter_misc":{"Temps estimat de lectura":"1 minut"},"schema":{"@context":"https:\/\/schema.org","@graph":[{"@type":"WebPage","@id":"https:\/\/www.canvallsrestaurant.com\/domicili\/producto\/val-regal\/","url":"https:\/\/www.canvallsrestaurant.com\/domicili\/producto\/val-regal\/","name":"Val regal - Can Valls a Domicili","isPartOf":{"@id":"https:\/\/www.canvallsrestaurant.com\/domicili\/#website"},"primaryImageOfPage":{"@id":"https:\/\/www.canvallsrestaurant.com\/domicili\/producto\/val-regal\/#primaryimage"},"image":{"@id":"https:\/\/www.canvallsrestaurant.com\/domicili\/producto\/val-regal\/#primaryimage"},"thumbnailUrl":"https:\/\/www.canvallsrestaurant.com\/domicili\/wp-content\/uploads\/2025\/04\/WhatsApp-Image-2025-04-03-at-15.01.24-4.jpeg","datePublished":"2025-11-20T05:59:20+00:00","dateModified":"2026-01-16T08:08:46+00:00","breadcrumb":{"@id":"https:\/\/www.canvallsrestaurant.com\/domicili\/producto\/val-regal\/#breadcrumb"},"inLanguage":"ca","potentialAction":[{"@type":"ReadAction","target":["https:\/\/www.canvallsrestaurant.com\/domicili\/producto\/val-regal\/"]}]},{"@type":"ImageObject","inLanguage":"ca","@id":"https:\/\/www.canvallsrestaurant.com\/domicili\/producto\/val-regal\/#primaryimage","url":"https:\/\/www.canvallsrestaurant.com\/domicili\/wp-content\/uploads\/2025\/04\/WhatsApp-Image-2025-04-03-at-15.01.24-4.jpeg","contentUrl":"https:\/\/www.canvallsrestaurant.com\/domicili\/wp-content\/uploads\/2025\/04\/WhatsApp-Image-2025-04-03-at-15.01.24-4.jpeg","width":1536,"height":2048},{"@type":"BreadcrumbList","@id":"https:\/\/www.canvallsrestaurant.com\/domicili\/producto\/val-regal\/#breadcrumb","itemListElement":[{"@type":"ListItem","position":1,"name":"Inici","item":"https:\/\/www.canvallsrestaurant.com\/domicili\/"},{"@type":"ListItem","position":2,"name":"Botiga","item":"https:\/\/www.canvallsrestaurant.com\/domicili\/botiga\/"},{"@type":"ListItem","position":3,"name":"Val regal"}]},{"@type":"WebSite","@id":"https:\/\/www.canvallsrestaurant.com\/domicili\/#website","url":"https:\/\/www.canvallsrestaurant.com\/domicili\/","name":"Can Valls a Domicili","description":"Et portem la cuina de Can Valls i Mumm a casa!","potentialAction":[{"@type":"SearchAction","target":{"@type":"EntryPoint","urlTemplate":"https:\/\/www.canvallsrestaurant.com\/domicili\/?s={search_term_string}"},"query-input":{"@type":"PropertyValueSpecification","valueRequired":true,"valueName":"search_term_string"}}],"inLanguage":"ca"}]}},"_links":{"self":[{"href":"https:\/\/www.canvallsrestaurant.com\/domicili\/wp-json\/wp\/v2\/product\/4185","targetHints":{"allow":["GET"]}}],"collection":[{"href":"https:\/\/www.canvallsrestaurant.com\/domicili\/wp-json\/wp\/v2\/product"}],"about":[{"href":"https:\/\/www.canvallsrestaurant.com\/domicili\/wp-json\/wp\/v2\/types\/product"}],"wp:featuredmedia":[{"embeddable":true,"href":"https:\/\/www.canvallsrestaurant.com\/domicili\/wp-json\/wp\/v2\/media\/5646"}],"wp:attachment":[{"href":"https:\/\/www.canvallsrestaurant.com\/domicili\/wp-json\/wp\/v2\/media?parent=4185"}],"wp:term":[{"taxonomy":"product_brand","embeddable":true,"href":"https:\/\/www.canvallsrestaurant.com\/domicili\/wp-json\/wp\/v2\/product_brand?post=4185"},{"taxonomy":"product_cat","embeddable":true,"href":"https:\/\/www.canvallsrestaurant.com\/domicili\/wp-json\/wp\/v2\/product_cat?post=4185"},{"taxonomy":"product_tag","embeddable":true,"href":"https:\/\/www.canvallsrestaurant.com\/domicili\/wp-json\/wp\/v2\/product_tag?post=4185"}],"curies":[{"name":"wp","href":"https:\/\/api.w.org\/{rel}","templated":true}]}}